{"id":5157,"date":"2017-01-21T13:10:35","date_gmt":"2017-01-21T12:10:35","guid":{"rendered":"http:\/\/www.centromedicocambrils.com\/mutuas\/"},"modified":"2022-01-26T08:23:05","modified_gmt":"2022-01-26T07:23:05","slug":"mutues","status":"publish","type":"page","link":"https:\/\/www.centromedicocambrils.com\/ca\/mutues\/","title":{"rendered":"M\u00daTUES"},"content":{"rendered":"","protected":false},"excerpt":{"rendered":"","protected":false},"author":2,"featured_media":0,"parent":0,"menu_order":0,"comment_status":"closed","ping_status":"open","template":"","meta":{"footnotes":""},"yoast_head":"<!-- This site is optimized with the Yoast SEO plugin v21.0 - https:\/\/yoast.com\/wordpress\/plugins\/seo\/ -->\n<title>CENTRO M\u00c9DICO CAMBRILS (Privat) - Dr. Tom\u00e1s G\u00f3mez Sanz<\/title>\n<meta name=\"description\" content=\"CENTRE M\u00c8DIC PRIVAT a Cambrils. Test PCR Covid-19. Privats i m\u00fatues. Hores concertades. Visites concertades a domicili. Servei 24h urg\u00e8ncies. Coronavirus.\" \/>\n<meta name=\"robots\" content=\"index, follow, max-snippet:-1, max-image-preview:large, max-video-preview:-1\" \/>\n<link rel=\"canonical\" href=\"https:\/\/www.centromedicocambrils.com\/ca\/mutues\/\" \/>\n<meta property=\"og:locale\" content=\"ca_ES\" \/>\n<meta property=\"og:type\" content=\"article\" \/>\n<meta property=\"og:title\" content=\"CENTRO M\u00c9DICO CAMBRILS (Privat) - Dr. Tom\u00e1s G\u00f3mez Sanz\" \/>\n<meta property=\"og:description\" content=\"CENTRE M\u00c8DIC PRIVAT a Cambrils. Test PCR Covid-19. Privats i m\u00fatues. Hores concertades. Visites concertades a domicili. Servei 24h urg\u00e8ncies. Coronavirus.\" \/>\n<meta property=\"og:url\" content=\"https:\/\/www.centromedicocambrils.com\/ca\/mutues\/\" \/>\n<meta property=\"og:site_name\" content=\"Centro M\u00e9dico Cambrils\" \/>\n<meta property=\"article:modified_time\" content=\"2022-01-26T07:23:05+00:00\" \/>\n<meta name=\"twitter:card\" content=\"summary_large_image\" \/>\n<script type=\"application\/ld+json\" class=\"yoast-schema-graph\">{\"@context\":\"https:\/\/schema.org\",\"@graph\":[{\"@type\":\"WebPage\",\"@id\":\"https:\/\/www.centromedicocambrils.com\/ca\/mutues\/\",\"url\":\"https:\/\/www.centromedicocambrils.com\/ca\/mutues\/\",\"name\":\"CENTRO M\u00c9DICO CAMBRILS (Privat) - Dr. Tom\u00e1s G\u00f3mez Sanz\",\"isPartOf\":{\"@id\":\"https:\/\/www.centromedicocambrils.com\/ca\/#website\"},\"datePublished\":\"2017-01-21T12:10:35+00:00\",\"dateModified\":\"2022-01-26T07:23:05+00:00\",\"description\":\"CENTRE M\u00c8DIC PRIVAT a Cambrils. Test PCR Covid-19. Privats i m\u00fatues. Hores concertades. Visites concertades a domicili. Servei 24h urg\u00e8ncies. Coronavirus.\",\"breadcrumb\":{\"@id\":\"https:\/\/www.centromedicocambrils.com\/ca\/mutues\/#breadcrumb\"},\"inLanguage\":\"ca\",\"potentialAction\":[{\"@type\":\"ReadAction\",\"target\":[\"https:\/\/www.centromedicocambrils.com\/ca\/mutues\/\"]}]},{\"@type\":\"BreadcrumbList\",\"@id\":\"https:\/\/www.centromedicocambrils.com\/ca\/mutues\/#breadcrumb\",\"itemListElement\":[{\"@type\":\"ListItem\",\"position\":1,\"name\":\"Inici\",\"item\":\"https:\/\/www.centromedicocambrils.com\/ca\/servicios\/\"},{\"@type\":\"ListItem\",\"position\":2,\"name\":\"M\u00daTUES\"}]},{\"@type\":\"WebSite\",\"@id\":\"https:\/\/www.centromedicocambrils.com\/ca\/#website\",\"url\":\"https:\/\/www.centromedicocambrils.com\/ca\/\",\"name\":\"Centro M\u00e9dico Cambrils\",\"description\":\"Centro M\u00e9dico Cambrils. Urg\u00e9ncias.\",\"potentialAction\":[{\"@type\":\"SearchAction\",\"target\":{\"@type\":\"EntryPoint\",\"urlTemplate\":\"https:\/\/www.centromedicocambrils.com\/ca\/?s={search_term_string}\"},\"query-input\":\"required name=search_term_string\"}],\"inLanguage\":\"ca\"}]}<\/script>\n<!-- \/ Yoast SEO plugin. -->","yoast_head_json":{"title":"CENTRO M\u00c9DICO CAMBRILS (Privat) - Dr. Tom\u00e1s G\u00f3mez Sanz","description":"CENTRE M\u00c8DIC PRIVAT a Cambrils. Test PCR Covid-19. Privats i m\u00fatues. Hores concertades. Visites concertades a domicili. Servei 24h urg\u00e8ncies. Coronavirus.","robots":{"index":"index","follow":"follow","max-snippet":"max-snippet:-1","max-image-preview":"max-image-preview:large","max-video-preview":"max-video-preview:-1"},"canonical":"https:\/\/www.centromedicocambrils.com\/ca\/mutues\/","og_locale":"ca_ES","og_type":"article","og_title":"CENTRO M\u00c9DICO CAMBRILS (Privat) - Dr. Tom\u00e1s G\u00f3mez Sanz","og_description":"CENTRE M\u00c8DIC PRIVAT a Cambrils. Test PCR Covid-19. Privats i m\u00fatues. Hores concertades. Visites concertades a domicili. Servei 24h urg\u00e8ncies. Coronavirus.","og_url":"https:\/\/www.centromedicocambrils.com\/ca\/mutues\/","og_site_name":"Centro M\u00e9dico Cambrils","article_modified_time":"2022-01-26T07:23:05+00:00","twitter_card":"summary_large_image","schema":{"@context":"https:\/\/schema.org","@graph":[{"@type":"WebPage","@id":"https:\/\/www.centromedicocambrils.com\/ca\/mutues\/","url":"https:\/\/www.centromedicocambrils.com\/ca\/mutues\/","name":"CENTRO M\u00c9DICO CAMBRILS (Privat) - Dr. Tom\u00e1s G\u00f3mez Sanz","isPartOf":{"@id":"https:\/\/www.centromedicocambrils.com\/ca\/#website"},"datePublished":"2017-01-21T12:10:35+00:00","dateModified":"2022-01-26T07:23:05+00:00","description":"CENTRE M\u00c8DIC PRIVAT a Cambrils. Test PCR Covid-19. Privats i m\u00fatues. Hores concertades. Visites concertades a domicili. Servei 24h urg\u00e8ncies. Coronavirus.","breadcrumb":{"@id":"https:\/\/www.centromedicocambrils.com\/ca\/mutues\/#breadcrumb"},"inLanguage":"ca","potentialAction":[{"@type":"ReadAction","target":["https:\/\/www.centromedicocambrils.com\/ca\/mutues\/"]}]},{"@type":"BreadcrumbList","@id":"https:\/\/www.centromedicocambrils.com\/ca\/mutues\/#breadcrumb","itemListElement":[{"@type":"ListItem","position":1,"name":"Inici","item":"https:\/\/www.centromedicocambrils.com\/ca\/servicios\/"},{"@type":"ListItem","position":2,"name":"M\u00daTUES"}]},{"@type":"WebSite","@id":"https:\/\/www.centromedicocambrils.com\/ca\/#website","url":"https:\/\/www.centromedicocambrils.com\/ca\/","name":"Centro M\u00e9dico Cambrils","description":"Centro M\u00e9dico Cambrils. Urg\u00e9ncias.","potentialAction":[{"@type":"SearchAction","target":{"@type":"EntryPoint","urlTemplate":"https:\/\/www.centromedicocambrils.com\/ca\/?s={search_term_string}"},"query-input":"required name=search_term_string"}],"inLanguage":"ca"}]}},"_links":{"self":[{"href":"https:\/\/www.centromedicocambrils.com\/ca\/wp-json\/wp\/v2\/pages\/5157"}],"collection":[{"href":"https:\/\/www.centromedicocambrils.com\/ca\/wp-json\/wp\/v2\/pages"}],"about":[{"href":"https:\/\/www.centromedicocambrils.com\/ca\/wp-json\/wp\/v2\/types\/page"}],"author":[{"embeddable":true,"href":"https:\/\/www.centromedicocambrils.com\/ca\/wp-json\/wp\/v2\/users\/2"}],"replies":[{"embeddable":true,"href":"https:\/\/www.centromedicocambrils.com\/ca\/wp-json\/wp\/v2\/comments?post=5157"}],"version-history":[{"count":10,"href":"https:\/\/www.centromedicocambrils.com\/ca\/wp-json\/wp\/v2\/pages\/5157\/revisions"}],"predecessor-version":[{"id":6267,"href":"https:\/\/www.centromedicocambrils.com\/ca\/wp-json\/wp\/v2\/pages\/5157\/revisions\/6267"}],"wp:attachment":[{"href":"https:\/\/www.centromedicocambrils.com\/ca\/wp-json\/wp\/v2\/media?parent=5157"}],"curies":[{"name":"wp","href":"https:\/\/api.w.org\/{rel}","templated":true}]}}

MÚTUES

<!-- This site is optimized with the Yoast SEO plugin v21.0 - https://yoast.com/wordpress/plugins/seo/ -->
<title>CENTRO MÉDICO CAMBRILS (Privat) - Dr. Tomás Gómez Sanz</title>
<meta name="description" content="CENTRE MÈDIC PRIVAT a Cambrils. Test PCR Covid-19. Privats i mútues. Hores concertades. Visites concertades a domicili. Servei 24h urgències. Coronavirus." />
<meta name="robots" content="index, follow, max-snippet:-1, max-image-preview:large, max-video-preview:-1" />
<link rel="canonical" href="https://www.centromedicocambrils.com/ca/mutues/" />
<meta property="og:locale" content="ca_ES" />
<meta property="og:type" content="article" />
<meta property="og:title" content="CENTRO MÉDICO CAMBRILS (Privat) - Dr. Tomás Gómez Sanz" />
<meta property="og:description" content="CENTRE MÈDIC PRIVAT a Cambrils. Test PCR Covid-19. Privats i mútues. Hores concertades. Visites concertades a domicili. Servei 24h urgències. Coronavirus." />
<meta property="og:url" content="https://www.centromedicocambrils.com/ca/mutues/" />
<meta property="og:site_name" content="Centro Médico Cambrils" />
<meta property="article:modified_time" content="2022-01-26T07:23:05+00:00" />
<meta name="twitter:card" content="summary_large_image" />
<script type="application/ld+json" class="yoast-schema-graph">{"@context":"https://schema.org","@graph":[{"@type":"WebPage","@id":"https://www.centromedicocambrils.com/ca/mutues/","url":"https://www.centromedicocambrils.com/ca/mutues/","name":"CENTRO MÉDICO CAMBRILS (Privat) - Dr. Tomás Gómez Sanz","isPartOf":{"@id":"https://www.centromedicocambrils.com/ca/#website"},"datePublished":"2017-01-21T12:10:35+00:00","dateModified":"2022-01-26T07:23:05+00:00","description":"CENTRE MÈDIC PRIVAT a Cambrils. Test PCR Covid-19. Privats i mútues. Hores concertades. Visites concertades a domicili. Servei 24h urgències. Coronavirus.","breadcrumb":{"@id":"https://www.centromedicocambrils.com/ca/mutues/#breadcrumb"},"inLanguage":"ca","potentialAction":[{"@type":"ReadAction","target":["https://www.centromedicocambrils.com/ca/mutues/"]}]},{"@type":"BreadcrumbList","@id":"https://www.centromedicocambrils.com/ca/mutues/#breadcrumb","itemListElement":[{"@type":"ListItem","position":1,"name":"Inici","item":"https://www.centromedicocambrils.com/ca/servicios/"},{"@type":"ListItem","position":2,"name":"MÚTUES"}]},{"@type":"WebSite","@id":"https://www.centromedicocambrils.com/ca/#website","url":"https://www.centromedicocambrils.com/ca/","name":"Centro Médico Cambrils","description":"Centro Médico Cambrils. Urgéncias.","potentialAction":[{"@type":"SearchAction","target":{"@type":"EntryPoint","urlTemplate":"https://www.centromedicocambrils.com/ca/?s={search_term_string}"},"query-input":"required name=search_term_string"}],"inLanguage":"ca"}]}</script>
<!-- / Yoast SEO plugin. -->

CENTRO MÉDICO CAMBRILS (Privat) - Dr. Tomás Gómez Sanz

CENTRE MÈDIC PRIVAT a Cambrils. Test PCR Covid-19. Privats i mútues. Hores concertades. Visites concertades a domicili. Servei 24h urgències. Coronavirus.

Centro Médico Cambrils

Centro Médico Cambrils. Urgéncias.
